{"id":738,"date":"2023-01-08T02:39:47","date_gmt":"2023-01-08T02:39:47","guid":{"rendered":"https:\/\/vetloftas.lt\/?page_id=738"},"modified":"2025-01-24T09:45:45","modified_gmt":"2025-01-24T09:45:45","slug":"prekes","status":"publish","type":"page","link":"https:\/\/vetloftas.lt\/?page_id=738","title":{"rendered":"Prek\u0117s"},"content":{"rendered":"\n\n\t<h2>Gyv\u016bn\u0173 maistas ir skan\u0117stai<\/h2>\n\t\t\t\t<img src=\"http:\/\/vetloftas.lt\/wp-content\/uploads\/2023\/01\/Natural-trainer-logo.png\" alt=\"Natural trainer logo\" itemprop=\"image\" title=\"Natural trainer logo\" onerror=\"this.style.display='none'\"  \/>\n\t\t\t\t<img src=\"http:\/\/vetloftas.lt\/wp-content\/uploads\/2023\/01\/Versele-laga-logo.png\" alt=\"Versele-laga logo\" itemprop=\"image\" title=\"Versele-laga logo\" onerror=\"this.style.display='none'\"  \/>\n\t\t\t\t<img src=\"http:\/\/vetloftas.lt\/wp-content\/uploads\/2023\/01\/Quattro-logo.png\" alt=\"Quattro logo\" itemprop=\"image\" title=\"Quattro logo\" onerror=\"this.style.display='none'\"  \/>\n\t\t\t\t<img src=\"http:\/\/vetloftas.lt\/wp-content\/uploads\/2023\/01\/Sanimed-logo.png\" alt=\"Sanimed logo\" itemprop=\"image\" title=\"Sanimed logo\" onerror=\"this.style.display='none'\"  \/>\n\t\t\t\t<img src=\"http:\/\/vetloftas.lt\/wp-content\/uploads\/2023\/01\/Specific-logo.png\" alt=\"Specific logo\" itemprop=\"image\" title=\"Specific logo\" onerror=\"this.style.display='none'\"  \/>\n\t\t\t\t<img src=\"http:\/\/vetloftas.lt\/wp-content\/uploads\/2023\/01\/Calibra-logo.png\" alt=\"Calibra logo\" itemprop=\"image\" title=\"Calibra logo\" onerror=\"this.style.display='none'\"  \/>\n\t\t\t\t<img src=\"http:\/\/vetloftas.lt\/wp-content\/uploads\/2023\/01\/Antos-logo-150x150.png\" alt=\"Antos logo\" itemprop=\"image\" title=\"Antos logo\" onerror=\"this.style.display='none'\"  \/>\n\t\t\t\t<img src=\"http:\/\/vetloftas.lt\/wp-content\/uploads\/2023\/01\/Virbac-logo.png\" alt=\"Virbac logo\" itemprop=\"image\" title=\"Virbac logo\" onerror=\"this.style.display='none'\"  \/>\n\t\t\t\t<img src=\"http:\/\/vetloftas.lt\/wp-content\/uploads\/2023\/01\/Alpha-spirit-logo-black-e1673146628383.png\" alt=\"Alpha spirit logo black\" itemprop=\"image\" title=\"Alpha spirit logo black\" onerror=\"this.style.display='none'\"  \/>\n\t\t\t\t<img src=\"http:\/\/vetloftas.lt\/wp-content\/uploads\/2023\/01\/Vet-expert-logo.png\" alt=\"Vet expert logo\" itemprop=\"image\" title=\"Vet expert logo\" onerror=\"this.style.display='none'\"  \/>\n\t\t\t\t<img src=\"http:\/\/vetloftas.lt\/wp-content\/uploads\/2023\/01\/Disugual-logo.png\" alt=\"Disugual logo\" itemprop=\"image\" title=\"Disugual logo\" onerror=\"this.style.display='none'\"  \/>\n\t\t\t\t<img src=\"http:\/\/vetloftas.lt\/wp-content\/uploads\/2023\/01\/DRN-logo.png\" alt=\"DRN logo\" itemprop=\"image\" title=\"DRN logo\" onerror=\"this.style.display='none'\"  \/>\n\t\t\t\t<img src=\"http:\/\/vetloftas.lt\/wp-content\/uploads\/2023\/01\/Croci-logo.png\" alt=\"Croci logo\" itemprop=\"image\" title=\"Croci logo\" onerror=\"this.style.display='none'\"  \/>\n\t\t\t\t<img src=\"http:\/\/vetloftas.lt\/wp-content\/uploads\/2023\/01\/Dr.Clauders-logo.png\" alt=\"Dr.Clauders logo\" itemprop=\"image\" title=\"Dr.Clauders logo\" onerror=\"this.style.display='none'\"  \/>\n\t\t\t\t<img src=\"http:\/\/vetloftas.lt\/wp-content\/uploads\/2023\/01\/Boxby-logo.png\" alt=\"Boxby logo\" itemprop=\"image\" title=\"Boxby logo\" onerror=\"this.style.display='none'\"  \/>\n\t<h2>Papildai<\/h2>\n\t\t\t\t<img src=\"http:\/\/vetloftas.lt\/wp-content\/uploads\/2023\/01\/Vet-expert-logo-1.png\" alt=\"Vet expert logo\" itemprop=\"image\" title=\"Vet expert logo\" onerror=\"this.style.display='none'\"  \/>\n\t\t\t\t<img src=\"http:\/\/vetloftas.lt\/wp-content\/uploads\/2023\/01\/Vetplus-logo.png\" alt=\"Vetplus logo\" itemprop=\"image\" title=\"Vetplus logo\" onerror=\"this.style.display='none'\"  \/>\n\t\t\t\t<img src=\"http:\/\/vetloftas.lt\/wp-content\/uploads\/2023\/01\/Virbac-logo-1.png\" alt=\"Virbac logo\" itemprop=\"image\" title=\"Virbac logo\" onerror=\"this.style.display='none'\"  \/>\n\t\t\t\t<img src=\"http:\/\/vetloftas.lt\/wp-content\/uploads\/2023\/01\/Versele-laga-logo-1.png\" alt=\"Versele-laga logo\" itemprop=\"image\" title=\"Versele-laga logo\" onerror=\"this.style.display='none'\"  \/>\n\t\t\t\t<img src=\"http:\/\/vetloftas.lt\/wp-content\/uploads\/2023\/01\/Vadigran-logo.png\" alt=\"Vadigran logo\" itemprop=\"image\" title=\"Vadigran logo\" onerror=\"this.style.display='none'\"  \/>\n\t\t\t\t<img src=\"http:\/\/vetloftas.lt\/wp-content\/uploads\/2023\/01\/Supplexan-logo.jpg\" alt=\"Supplexan logo\" itemprop=\"image\" title=\"Supplexan logo\" onerror=\"this.style.display='none'\"  \/>\n\t\t\t\t<img src=\"http:\/\/vetloftas.lt\/wp-content\/uploads\/2023\/01\/Pharmadiet-veterinaria-logo.png\" alt=\"Pharmadiet veterinaria logo\" itemprop=\"image\" title=\"Pharmadiet veterinaria logo\" onerror=\"this.style.display='none'\"  \/>\n\t\t\t\t<img src=\"http:\/\/vetloftas.lt\/wp-content\/uploads\/2023\/01\/ICF-logo.jpg\" alt=\"ICF logo\" itemprop=\"image\" title=\"ICF logo\" onerror=\"this.style.display='none'\"  \/>\n\t\t\t\t<img src=\"http:\/\/vetloftas.lt\/wp-content\/uploads\/2023\/01\/DRN-logo-1.png\" alt=\"DRN logo\" itemprop=\"image\" title=\"DRN logo\" onerror=\"this.style.display='none'\"  \/>\n\t\t\t\t<img src=\"http:\/\/vetloftas.lt\/wp-content\/uploads\/2023\/01\/Diafarm-logo.png\" alt=\"Diafarm logo\" itemprop=\"image\" title=\"Diafarm logo\" onerror=\"this.style.display='none'\"  \/>\n\t\t\t\t<img src=\"http:\/\/vetloftas.lt\/wp-content\/uploads\/2023\/01\/Chemicaliberica-logo-e1673146975429.jpg\" alt=\"Chemicaliberica logo\" itemprop=\"image\" title=\"Chemicaliberica logo\" onerror=\"this.style.display='none'\"  \/>\n\t\t\t\t<img src=\"http:\/\/vetloftas.lt\/wp-content\/uploads\/2023\/01\/Candioli-pharma-logo.png\" alt=\"Candioli pharma logo\" itemprop=\"image\" title=\"Candioli pharma logo\" onerror=\"this.style.display='none'\"  \/>\n\t\t\t\t<img src=\"http:\/\/vetloftas.lt\/wp-content\/uploads\/2023\/01\/Boxby-logo-1-e1673147118900.png\" alt=\"Boxby logo\" itemprop=\"image\" title=\"Boxby logo\" onerror=\"this.style.display='none'\"  \/>\n\t\t\t\t<img src=\"http:\/\/vetloftas.lt\/wp-content\/uploads\/2023\/01\/Bioiberica-logo.png\" alt=\"Bioiberica logo\" itemprop=\"image\" title=\"Bioiberica logo\" onerror=\"this.style.display='none'\"  \/>\n\t<h2>Kvie\u010diame apsilankyti<\/h2>\n\t<p>Kvie\u010diame apsilankyti veterinarijos klinikoje ne tik gydymui ar tyrimams, bet ir profilaktinei ap\u017ei\u016brai, veterinarijos gydytojo konsultacijoms ar \u012fsigyti m\u0117giamo maisto, papild\u0173 ar skan\u0117st\u0173 j\u016bs\u0173 mylimam augintiniui.<\/p>\n\n","protected":false},"excerpt":{"rendered":"<p>Gyv\u016bn\u0173 maistas ir skan\u0117stai Papildai Kvie\u010diame apsilankyti Kvie\u010diame apsilankyti veterinarijos klinikoje ne tik gydymui ar tyrimams, bet ir profilaktinei ap\u017ei\u016brai, veterinarijos gydytojo konsultacijoms ar \u012fsigyti m\u0117giamo maisto, papild\u0173 ar skan\u0117st\u0173 j\u016bs\u0173 mylimam augintiniui.<\/p>\n","protected":false},"author":1,"featured_media":0,"parent":0,"menu_order":0,"comment_status":"closed","ping_status":"closed","template":"","meta":{"site-sidebar-layout":"default","site-content-layout":"default","ast-global-header-display":"","ast-main-header-display":"","ast-hfb-above-header-display":"","ast-hfb-below-header-display":"","ast-hfb-mobile-header-display":"","site-post-title":"","ast-breadcrumbs-content":"","ast-featured-img":"","footer-sml-layout":"","theme-transparent-header-meta":"","adv-header-id-meta":"","stick-header-meta":"","header-above-stick-meta":"","header-main-stick-meta":"","header-below-stick-meta":""},"_links":{"self":[{"href":"https:\/\/vetloftas.lt\/index.php?rest_route=\/wp\/v2\/pages\/738"}],"collection":[{"href":"https:\/\/vetloftas.lt\/index.php?rest_route=\/wp\/v2\/pages"}],"about":[{"href":"https:\/\/vetloftas.lt\/index.php?rest_route=\/wp\/v2\/types\/page"}],"author":[{"embeddable":true,"href":"https:\/\/vetloftas.lt\/index.php?rest_route=\/wp\/v2\/users\/1"}],"replies":[{"embeddable":true,"href":"https:\/\/vetloftas.lt\/index.php?rest_route=%2Fwp%2Fv2%2Fcomments&post=738"}],"version-history":[{"count":7,"href":"https:\/\/vetloftas.lt\/index.php?rest_route=\/wp\/v2\/pages\/738\/revisions"}],"predecessor-version":[{"id":897,"href":"https:\/\/vetloftas.lt\/index.php?rest_route=\/wp\/v2\/pages\/738\/revisions\/897"}],"wp:attachment":[{"href":"https:\/\/vetloftas.lt\/index.php?rest_route=%2Fwp%2Fv2%2Fmedia&parent=738"}],"curies":[{"name":"wp","href":"https:\/\/api.w.org\/{rel}","templated":true}]}}