{"id":638,"date":"2022-10-30T15:42:10","date_gmt":"2022-10-30T15:42:10","guid":{"rendered":"https:\/\/vetloftas.lt\/?page_id=638"},"modified":"2023-11-30T13:44:08","modified_gmt":"2023-11-30T13:44:08","slug":"chirurgija","status":"publish","type":"page","link":"https:\/\/vetloftas.lt\/?page_id=638","title":{"rendered":"Chirurgija"},"content":{"rendered":"\n\n\t\t\t\t<img src=\"http:\/\/vetloftas.lt\/wp-content\/uploads\/2023\/11\/8_20231130_153615_0007-1024x577.png\" alt=\"chirurgija_operacijos\" itemprop=\"image\" title=\"chirurgija_operacijos\" onerror=\"this.style.display='none'\"  \/>\n\t<p>Veterinarijos klinikoje &#8220;Vetloftas&#8221; dirbantys veterinarijos gydytojai chirurgines proced\u016bras atlieka laikydamiesi auk\u0161\u010diausi\u0173 standart\u0173, laikantis aseptikos ir antiseptikos reikalavim\u0173, naudojant vienkartines priemones. Anestezijos metu stebimi paciento gyvybiniai rodikliai, la\u0161inamos intravenin\u0117s skys\u010di\u0173 infuzijos, po anestezijos gyv\u016bnas stebimas, kol visi\u0161kai atsibunda.<\/p>\n<p>Atliekame mink\u0161t\u0173j\u0173 audini\u0173 chirurgines operacijas:<\/p>\n<ul>\n<li>\u017daizd\u0173 siuvim\u0105;<\/li>\n<li>Sterilizacij\u0105 ir kastracij\u0105;<\/li>\n<li>Navik\u0173 \u0161alinimo operacijas (pieno liaukos ir kt.);<\/li>\n<li>Cezario pj\u016bvio operacijas;<\/li>\n<li>\u0160lapimo p\u016bsl\u0117s, vir\u0161kinamojo trakto operacijas;<\/li>\n<li>Diagnostin\u0119 laparotomij\u0105.<\/li>\n<\/ul>\n\n","protected":false},"excerpt":{"rendered":"<p>Veterinarijos klinikoje &#8220;Vetloftas&#8221; dirbantys veterinarijos gydytojai chirurgines proced\u016bras atlieka laikydamiesi auk\u0161\u010diausi\u0173 standart\u0173, laikantis aseptikos ir antiseptikos reikalavim\u0173, naudojant vienkartines priemones. Anestezijos metu stebimi paciento gyvybiniai rodikliai, la\u0161inamos intravenin\u0117s skys\u010di\u0173 infuzijos, po anestezijos gyv\u016bnas stebimas, kol visi\u0161kai atsibunda. Atliekame mink\u0161t\u0173j\u0173 audini\u0173 chirurgines operacijas: \u017daizd\u0173 siuvim\u0105; Sterilizacij\u0105 ir kastracij\u0105; Navik\u0173 \u0161alinimo operacijas (pieno liaukos ir kt.); Cezario &hellip;<\/p>\n<p class=\"read-more\"> <a class=\"\" href=\"https:\/\/vetloftas.lt\/?page_id=638\"> <span class=\"screen-reader-text\">Chirurgija<\/span> Read More &raquo;<\/a><\/p>\n","protected":false},"author":1,"featured_media":0,"parent":0,"menu_order":0,"comment_status":"closed","ping_status":"closed","template":"","meta":{"site-sidebar-layout":"default","site-content-layout":"default","ast-global-header-display":"","ast-main-header-display":"","ast-hfb-above-header-display":"","ast-hfb-below-header-display":"","ast-hfb-mobile-header-display":"","site-post-title":"","ast-breadcrumbs-content":"","ast-featured-img":"","footer-sml-layout":"","theme-transparent-header-meta":"","adv-header-id-meta":"","stick-header-meta":"","header-above-stick-meta":"","header-main-stick-meta":"","header-below-stick-meta":""},"_links":{"self":[{"href":"https:\/\/vetloftas.lt\/index.php?rest_route=\/wp\/v2\/pages\/638"}],"collection":[{"href":"https:\/\/vetloftas.lt\/index.php?rest_route=\/wp\/v2\/pages"}],"about":[{"href":"https:\/\/vetloftas.lt\/index.php?rest_route=\/wp\/v2\/types\/page"}],"author":[{"embeddable":true,"href":"https:\/\/vetloftas.lt\/index.php?rest_route=\/wp\/v2\/users\/1"}],"replies":[{"embeddable":true,"href":"https:\/\/vetloftas.lt\/index.php?rest_route=%2Fwp%2Fv2%2Fcomments&post=638"}],"version-history":[{"count":6,"href":"https:\/\/vetloftas.lt\/index.php?rest_route=\/wp\/v2\/pages\/638\/revisions"}],"predecessor-version":[{"id":852,"href":"https:\/\/vetloftas.lt\/index.php?rest_route=\/wp\/v2\/pages\/638\/revisions\/852"}],"wp:attachment":[{"href":"https:\/\/vetloftas.lt\/index.php?rest_route=%2Fwp%2Fv2%2Fmedia&parent=638"}],"curies":[{"name":"wp","href":"https:\/\/api.w.org\/{rel}","templated":true}]}}